{"id":220,"date":"2020-04-02T14:12:31","date_gmt":"2020-04-02T14:12:31","guid":{"rendered":"https:\/\/spspi.parisnanterre.fr\/?page_id=220"},"modified":"2022-06-30T16:55:30","modified_gmt":"2022-06-30T16:55:30","slug":"recherche-sur-contrats","status":"publish","type":"page","link":"https:\/\/spspi.parisnanterre.fr\/index.php\/recherche-sur-contrats\/","title":{"rendered":"Recherche sur contrats"},"content":{"rendered":"\n<h3 class=\"wp-block-heading\">Ce module a lieu au troisi\u00e8me semestre du Master (M2). Il est anim\u00e9 par<\/h3>\n\n\n\n<h3 class=\"wp-block-heading\"><strong><span style=\"color:#480872\" class=\"color\">L&rsquo;\u00e9quipe p\u00e9dagogique<\/span><\/strong><\/h3>\n\n\n\n<h4 class=\"wp-block-heading\"><strong>R\u00e9sum\u00e9<\/strong><\/h4>\n\n\n\n<p>Ce module vise \u00e0 former les \u00e9tudiants \u00e0 la veille et \u00e0 la r\u00e9ponse aux appels \u00e0 projets (AAP) proposant r\u00e9guli\u00e8rement des contrats doctoraux ou des financements de recherche th\u00e9matiques. Il comprend un panorama des diff\u00e9rents AAP existant, nationalement et internationalement, une mise en situation des \u00e9tudiants sur un AAP pass\u00e9, pr\u00e9sent, ou fictif, et un retour r\u00e9flexif collectif sur les r\u00e9ponses propos\u00e9es. Les comp\u00e9tences vis\u00e9es sont directement mobilisables par les \u00e9tudiants.<\/p>\n\n\n\n<h4 class=\"wp-block-heading\"><strong>Modalit\u00e9s de contr\u00f4le des connaissances et des comp\u00e9tences <\/strong><\/h4>\n\n\n\n<p>Contr\u00f4le continu.<\/p>\n","protected":false},"excerpt":{"rendered":"<p>Ce module a lieu au troisi\u00e8me semestre du Master (M2). Il est anim\u00e9 par L&rsquo;\u00e9quipe p\u00e9dagogique R\u00e9sum\u00e9 Ce module vise \u00e0 former les \u00e9tudiants \u00e0 la veille et \u00e0 la r\u00e9ponse aux appels \u00e0 projets (AAP) proposant r\u00e9guli\u00e8rement des contrats&hellip;&nbsp;<a href=\"https:\/\/spspi.parisnanterre.fr\/index.php\/recherche-sur-contrats\/\" class=\"more-link\">Lire la suite<\/a><\/p>\n","protected":false},"author":1,"featured_media":0,"parent":0,"menu_order":0,"comment_status":"closed","ping_status":"closed","template":"","meta":{"footnotes":""},"class_list":["post-220","page","type-page","status-publish","hentry"],"jetpack_sharing_enabled":true,"_links":{"self":[{"href":"https:\/\/spspi.parisnanterre.fr\/index.php\/wp-json\/wp\/v2\/pages\/220","targetHints":{"allow":["GET"]}}],"collection":[{"href":"https:\/\/spspi.parisnanterre.fr\/index.php\/wp-json\/wp\/v2\/pages"}],"about":[{"href":"https:\/\/spspi.parisnanterre.fr\/index.php\/wp-json\/wp\/v2\/types\/page"}],"author":[{"embeddable":true,"href":"https:\/\/spspi.parisnanterre.fr\/index.php\/wp-json\/wp\/v2\/users\/1"}],"replies":[{"embeddable":true,"href":"https:\/\/spspi.parisnanterre.fr\/index.php\/wp-json\/wp\/v2\/comments?post=220"}],"version-history":[{"count":13,"href":"https:\/\/spspi.parisnanterre.fr\/index.php\/wp-json\/wp\/v2\/pages\/220\/revisions"}],"predecessor-version":[{"id":1278,"href":"https:\/\/spspi.parisnanterre.fr\/index.php\/wp-json\/wp\/v2\/pages\/220\/revisions\/1278"}],"wp:attachment":[{"href":"https:\/\/spspi.parisnanterre.fr\/index.php\/wp-json\/wp\/v2\/media?parent=220"}],"curies":[{"name":"wp","href":"https:\/\/api.w.org\/{rel}","templated":true}]}}