{"id":216,"date":"2020-04-09T16:57:19","date_gmt":"2020-04-09T16:57:19","guid":{"rendered":"https:\/\/spspi.parisnanterre.fr\/?page_id=216"},"modified":"2022-06-30T16:52:57","modified_gmt":"2022-06-30T16:52:57","slug":"methodes-quantitatives-en-sciences-humaines-et-sociales","status":"publish","type":"page","link":"https:\/\/spspi.parisnanterre.fr\/index.php\/methodes-quantitatives-en-sciences-humaines-et-sociales\/","title":{"rendered":"M\u00e9thodes quantitatives en sciences humaines et sociales"},"content":{"rendered":"\n<h3 class=\"wp-block-heading\">Ce s\u00e9minaire a lieu au troisi\u00e8me semestre du Master (M2). Il est assur\u00e9 par<\/h3>\n\n\n\n<h3 class=\"wp-block-heading\"><strong><span style=\"color:#480872\" class=\"color\">Jean-Michel Chahsiche<\/span><\/strong><\/h3>\n\n\n\n<h4 class=\"wp-block-heading\"><strong>R\u00e9sum\u00e9<\/strong><\/h4>\n\n\n\n<p>Les sciences humaines et sociales entretiennent une relation paradoxale avec les m\u00e9thodes quantitatives, \u00e0 la fois jug\u00e9es comme indispensables \u00e0 l\u2019administration de la preuve, et critiqu\u00e9es comme objectivistes par leur propension \u00e0 r\u00e9duire la complexit\u00e9 du monde social \u00e0 quelques \u00ab&nbsp;variables&nbsp;\u00bb. Ce s\u00e9minaire donne aux \u00e9tudiants l\u2019opportunit\u00e9 d\u2019entrer dans les m\u00e9thodes quantitatives par la pratique r\u00e9flexive, qui permet en m\u00eame temps de ne pas contourner une \u00e9tape indispensable du travail scientifique, et de ne pas ignorer les illusions propres au paradis artificiels des \u00ab&nbsp;grands nombres&nbsp;\u00bb et de la commensurabilit\u00e9. Cette double comp\u00e9tence pratique et r\u00e9flexive doit \u00eatre directement utile \u00e0 une insertion professionnelle, aux fins de laquelle le tri crois\u00e9, le khi2, la r\u00e9gression logistique, l\u2019analyse de r\u00e9seaux, l\u2019analyse g\u00e9om\u00e9trique des donn\u00e9es, le big data ou l\u2019intelligence artificielle doivent \u00eatre des atouts et non des obstacles.<\/p>\n\n\n\n<h4 class=\"wp-block-heading\"><strong>Modalit\u00e9s de contr\u00f4le des connaissances et des comp\u00e9tences <\/strong><\/h4>\n\n\n\n<p>Contr\u00f4le continu.<\/p>\n","protected":false},"excerpt":{"rendered":"<p>Ce s\u00e9minaire a lieu au troisi\u00e8me semestre du Master (M2). Il est assur\u00e9 par Jean-Michel Chahsiche R\u00e9sum\u00e9 Les sciences humaines et sociales entretiennent une relation paradoxale avec les m\u00e9thodes quantitatives, \u00e0 la fois jug\u00e9es comme indispensables \u00e0 l\u2019administration de la&hellip;&nbsp;<a href=\"https:\/\/spspi.parisnanterre.fr\/index.php\/methodes-quantitatives-en-sciences-humaines-et-sociales\/\" class=\"more-link\">Lire la suite<\/a><\/p>\n","protected":false},"author":1,"featured_media":0,"parent":0,"menu_order":0,"comment_status":"closed","ping_status":"closed","template":"","meta":{"footnotes":""},"class_list":["post-216","page","type-page","status-publish","hentry"],"jetpack_sharing_enabled":true,"_links":{"self":[{"href":"https:\/\/spspi.parisnanterre.fr\/index.php\/wp-json\/wp\/v2\/pages\/216","targetHints":{"allow":["GET"]}}],"collection":[{"href":"https:\/\/spspi.parisnanterre.fr\/index.php\/wp-json\/wp\/v2\/pages"}],"about":[{"href":"https:\/\/spspi.parisnanterre.fr\/index.php\/wp-json\/wp\/v2\/types\/page"}],"author":[{"embeddable":true,"href":"https:\/\/spspi.parisnanterre.fr\/index.php\/wp-json\/wp\/v2\/users\/1"}],"replies":[{"embeddable":true,"href":"https:\/\/spspi.parisnanterre.fr\/index.php\/wp-json\/wp\/v2\/comments?post=216"}],"version-history":[{"count":8,"href":"https:\/\/spspi.parisnanterre.fr\/index.php\/wp-json\/wp\/v2\/pages\/216\/revisions"}],"predecessor-version":[{"id":1275,"href":"https:\/\/spspi.parisnanterre.fr\/index.php\/wp-json\/wp\/v2\/pages\/216\/revisions\/1275"}],"wp:attachment":[{"href":"https:\/\/spspi.parisnanterre.fr\/index.php\/wp-json\/wp\/v2\/media?parent=216"}],"curies":[{"name":"wp","href":"https:\/\/api.w.org\/{rel}","templated":true}]}}