{"id":210,"date":"2020-04-09T16:54:45","date_gmt":"2020-04-09T16:54:45","guid":{"rendered":"https:\/\/spspi.parisnanterre.fr\/?page_id=210"},"modified":"2021-08-26T10:24:31","modified_gmt":"2021-08-26T10:24:31","slug":"le-gouvernement-des-populations","status":"publish","type":"page","link":"https:\/\/spspi.parisnanterre.fr\/index.php\/le-gouvernement-des-populations\/","title":{"rendered":"Le gouvernement des populations"},"content":{"rendered":"\n<h3 class=\"wp-block-heading\">Ce s\u00e9minaire a lieu au troisi\u00e8me semestre du Master (M2). Il est assur\u00e9 par<\/h3>\n\n\n\n<h3 class=\"wp-block-heading\"><strong><span style=\"color:#480872\" class=\"color\">\u00c9lisa Chelle<\/span><\/strong><\/h3>\n\n\n\n<h4 class=\"wp-block-heading\"><strong>R\u00e9sum\u00e9<\/strong><\/h4>\n\n\n\n<p>Comprendre le gouvernement des populations dans un monde globalis\u00e9 est un d\u00e9fi scientifique majeur. Ce s\u00e9minaire propose d\u2019articuler une r\u00e9flexion sur des textes de sciences sociales et politiques \u00e0 des enjeux concrets d\u2019action publique en France et \u00e0 l\u2019international. Les s\u00e9ances pourront s\u2019appuyer sur des travaux historiques comme sur des \u00e9tudes de cas r\u00e9centes, en langue fran\u00e7aise ou en langue anglaise. Le d\u00e9roulement du s\u00e9minaire est guid\u00e9 par une th\u00e9matique diff\u00e9rente chaque ann\u00e9e. Les situations de crise permettent de r\u00e9interroger la prise de d\u00e9cision dans des temporalit\u00e9s resserr\u00e9es ou impr\u00e9visibles. Les gouvernements sont soumis \u00e0 des injonctions paradoxales d\u2019anticipation et d\u2019acceptabilit\u00e9, de garantie des libert\u00e9s et de protection des populations, d\u2019efficacit\u00e9 dans un contexte d\u2019incertitude. Les situations critiques n\u2019\u00e9vacuent en rien les jeux de pouvoir ou les r\u00e9sistances des populations. Loin de seulement restreindre l\u2019action, les crises ouvrent des opportunit\u00e9s politiques \u00e0 diff\u00e9rents niveaux (institutionnel, local, individuel\u2026). Le gouvernement des populations nous offre ainsi un point d\u2019observation privil\u00e9gi\u00e9 de l\u2019interface entre <em>policy<\/em> et <em>politics<\/em>.<\/p>\n\n\n\n<h4 class=\"wp-block-heading\"><strong>Modalit\u00e9s de contr\u00f4le des connaissances et des comp\u00e9tences <\/strong><\/h4>\n\n\n\n<p>Contr\u00f4le continu.<\/p>\n","protected":false},"excerpt":{"rendered":"<p>Ce s\u00e9minaire a lieu au troisi\u00e8me semestre du Master (M2). Il est assur\u00e9 par \u00c9lisa Chelle R\u00e9sum\u00e9 Comprendre le gouvernement des populations dans un monde globalis\u00e9 est un d\u00e9fi scientifique majeur. Ce s\u00e9minaire propose d\u2019articuler une r\u00e9flexion sur des textes&hellip;&nbsp;<a href=\"https:\/\/spspi.parisnanterre.fr\/index.php\/le-gouvernement-des-populations\/\" class=\"more-link\">Lire la suite<\/a><\/p>\n","protected":false},"author":1,"featured_media":0,"parent":0,"menu_order":0,"comment_status":"closed","ping_status":"closed","template":"","meta":{"footnotes":""},"class_list":["post-210","page","type-page","status-publish","hentry"],"jetpack_sharing_enabled":true,"_links":{"self":[{"href":"https:\/\/spspi.parisnanterre.fr\/index.php\/wp-json\/wp\/v2\/pages\/210","targetHints":{"allow":["GET"]}}],"collection":[{"href":"https:\/\/spspi.parisnanterre.fr\/index.php\/wp-json\/wp\/v2\/pages"}],"about":[{"href":"https:\/\/spspi.parisnanterre.fr\/index.php\/wp-json\/wp\/v2\/types\/page"}],"author":[{"embeddable":true,"href":"https:\/\/spspi.parisnanterre.fr\/index.php\/wp-json\/wp\/v2\/users\/1"}],"replies":[{"embeddable":true,"href":"https:\/\/spspi.parisnanterre.fr\/index.php\/wp-json\/wp\/v2\/comments?post=210"}],"version-history":[{"count":11,"href":"https:\/\/spspi.parisnanterre.fr\/index.php\/wp-json\/wp\/v2\/pages\/210\/revisions"}],"predecessor-version":[{"id":1146,"href":"https:\/\/spspi.parisnanterre.fr\/index.php\/wp-json\/wp\/v2\/pages\/210\/revisions\/1146"}],"wp:attachment":[{"href":"https:\/\/spspi.parisnanterre.fr\/index.php\/wp-json\/wp\/v2\/media?parent=210"}],"curies":[{"name":"wp","href":"https:\/\/api.w.org\/{rel}","templated":true}]}}