{"id":199,"date":"2020-04-02T14:03:54","date_gmt":"2020-04-02T14:03:54","guid":{"rendered":"https:\/\/spspi.parisnanterre.fr\/?page_id=199"},"modified":"2022-06-30T16:51:10","modified_gmt":"2022-06-30T16:51:10","slug":"rebellions-revolutions","status":"publish","type":"page","link":"https:\/\/spspi.parisnanterre.fr\/index.php\/rebellions-revolutions\/","title":{"rendered":"R\u00e9bellions, r\u00e9volutions"},"content":{"rendered":"\n<h3 class=\"wp-block-heading\">Ce cours a lieu au troisi\u00e8me semestre du Master (M2). Il est assur\u00e9 par<\/h3>\n\n\n\n<h3 class=\"wp-block-heading\"><strong><span style=\"color:#480872\" class=\"color\">Christophe Voilliot<\/span><\/strong><\/h3>\n\n\n\n<h4 class=\"wp-block-heading\"><strong>R\u00e9sum\u00e9<\/strong><\/h4>\n\n\n\n<p>R\u00e9bellions, r\u00e9volutions, \u00e9meutes, insurrections, soul\u00e8vements, r\u00e9voltes, s\u00e9ditions, s\u00e9cessions&nbsp;: le cours vise \u00e0 mettre en \u00e9vidence les risques \u00e9pist\u00e9mologiques \u00e0 employer le langage \u00ab&nbsp;naturel&nbsp;\u00bb des termes qui semblent spontan\u00e9ment s\u2019imposer dans l\u2019analyse des mobilisations en s\u2019int\u00e9ressant aux dynamiques locales et globales de transformation d\u2019une contestation, souvent circonscrite et limit\u00e9e, en ph\u00e9nom\u00e8nes politiques de grande ampleur visant, parfois, \u00e0 changer l\u2019ordre \u00e9conomique et social existant. Quelles sont les trajectoires historiques des mobilisations&nbsp;? Comment s\u2019op\u00e8re (ou non) leur extension sociale et politique&nbsp;? \u00c0 quels contre-mouvements se confrontent-elles&nbsp;? Quelles formes prend la r\u00e9pression&nbsp;? Quelles sont les interd\u00e9pendances ainsi cr\u00e9\u00e9es&nbsp;? Le cours apporte ainsi des connaissances th\u00e9oriques et m\u00e9thodologiques pour \u00e9tudier des processus complexes et vari\u00e9s dans des contextes et sur des territoires fran\u00e7ais ou \u00e9trangers.<\/p>\n\n\n\n<h4 class=\"wp-block-heading\"><strong>Modalit\u00e9s de contr\u00f4le des connaissances et des comp\u00e9tences <\/strong><\/h4>\n\n\n\n<p>Examen terminal.<\/p>\n","protected":false},"excerpt":{"rendered":"<p>Ce cours a lieu au troisi\u00e8me semestre du Master (M2). Il est assur\u00e9 par Christophe Voilliot R\u00e9sum\u00e9 R\u00e9bellions, r\u00e9volutions, \u00e9meutes, insurrections, soul\u00e8vements, r\u00e9voltes, s\u00e9ditions, s\u00e9cessions&nbsp;: le cours vise \u00e0 mettre en \u00e9vidence les risques \u00e9pist\u00e9mologiques \u00e0 employer le langage \u00ab&nbsp;naturel&nbsp;\u00bb&hellip;&nbsp;<a href=\"https:\/\/spspi.parisnanterre.fr\/index.php\/rebellions-revolutions\/\" class=\"more-link\">Lire la suite<\/a><\/p>\n","protected":false},"author":1,"featured_media":0,"parent":0,"menu_order":0,"comment_status":"closed","ping_status":"closed","template":"","meta":{"footnotes":""},"class_list":["post-199","page","type-page","status-publish","hentry"],"jetpack_sharing_enabled":true,"_links":{"self":[{"href":"https:\/\/spspi.parisnanterre.fr\/index.php\/wp-json\/wp\/v2\/pages\/199","targetHints":{"allow":["GET"]}}],"collection":[{"href":"https:\/\/spspi.parisnanterre.fr\/index.php\/wp-json\/wp\/v2\/pages"}],"about":[{"href":"https:\/\/spspi.parisnanterre.fr\/index.php\/wp-json\/wp\/v2\/types\/page"}],"author":[{"embeddable":true,"href":"https:\/\/spspi.parisnanterre.fr\/index.php\/wp-json\/wp\/v2\/users\/1"}],"replies":[{"embeddable":true,"href":"https:\/\/spspi.parisnanterre.fr\/index.php\/wp-json\/wp\/v2\/comments?post=199"}],"version-history":[{"count":14,"href":"https:\/\/spspi.parisnanterre.fr\/index.php\/wp-json\/wp\/v2\/pages\/199\/revisions"}],"predecessor-version":[{"id":1274,"href":"https:\/\/spspi.parisnanterre.fr\/index.php\/wp-json\/wp\/v2\/pages\/199\/revisions\/1274"}],"wp:attachment":[{"href":"https:\/\/spspi.parisnanterre.fr\/index.php\/wp-json\/wp\/v2\/media?parent=199"}],"curies":[{"name":"wp","href":"https:\/\/api.w.org\/{rel}","templated":true}]}}